t is the highest common divisor of 45 and 729?
9
Calculate the highest common factor of 135 and 180.
45
Calculate the highest common factor of 4089 and 141.
141
Calculate the greatest common divisor of 128 and 37248.
128
Calculate the greatest common divisor of 30204 and 24.
12
Calculate the highest common factor of 246 and 66.
6
What is the highest common divisor of 116 and 2958?
58
Calculate the greatest common divisor of 110 and 24695.
55
Calculate the highest common factor of 224 and 64.
32
Calculate the highest common factor of 215 and 989.
43
What is the highest common factor of 339 and 565?
113
Calculate the highest common factor of 1872 and 117.
117
Calculate the highest common factor of 4164 and 96.
12
What is the greatest common divisor of 70 and 175?
35
What is the greatest common factor of 2 and 26?
2
What is the greatest common factor of 235 and 5?
5
Calculate the highest common factor of 1770 and 30.
30
What is the greatest common factor of 42 and 2296?
14
What is the greatest common divisor of 1241 and 2847?
73
Calculate the greatest common factor of 88 and 121.
11
What is the greatest common factor of 76 and 703?
19
What is the highest common factor of 45 and 10?
5
What is the greatest common factor of 43 and 817?
43
Calculate the greatest common factor of 135 and 243.
27
Calculate the greatest common divisor of 20410 and 30.
10
What is the highest common factor of 25 and 1025?
25
What is the highest common factor of 3296 and 103?
103
Calculate the highest common factor of 384 and 12.
12
What is the highest common divisor of 783 and 29?
29
What is the greatest common divisor of 20 and 500?
20
What is the greatest common factor of 168 and 294?
42
What is the highest common divisor of 93 and 4867?
31
Calculate the highest common divisor of 25 and 2250.
25
What is the highest common factor of 46 and 69?
23
Calculate the greatest common divisor of 465 and 155.
155
Calculate the greatest common factor of 506 and 92.
46
What is the highest common factor of 4 and 310?
2
Calculate the highest common factor of 825 and 50.
25
What is the greatest common divisor of 85 and 5?
5
What is the greatest common divisor of 58 and 174?
58
Calculate the highest common factor of 10260 and 627.
57
What is the highest common divisor of 224 and 182?
14
Calculate the greatest common divisor of 19 and 2.
1
Calculate the highest common factor of 4570 and 10.
10
What is the greatest common factor of 2622 and 114?
114
Calculate the highest common factor of 396 and 36.
36
What is the highest common factor of 240 and 136?
8
What is the greatest common factor of 16 and 4016?
16
What is the highest common factor of 34 and 51?
17
What is the highest common factor of 1220 and 61?
61
What is the highest common divisor of 57 and 14307?
57
Calculate the highest common factor of 1320 and 1518.
66
Calculate the greatest common factor of 28 and 308.
28
What is the highest common divisor of 76 and 4?
4
What is the greatest common divisor of 11309 and 43?
43
Calculate the highest common factor of 114 and 1254.
114
Calculate the highest common factor of 2911 and 1633.
71
What is the highest common divisor of 5 and 139?
1
Calculate the highest common divisor of 1 and 23.
1
Calculate the greatest common divisor of 54 and 474.
6
What is the highest common factor of 28 and 1036?
28
What is the highest common factor of 470 and 1034?
94
Calculate the greatest common factor of 66 and 11.
11
What is the greatest common factor of 1236 and 36?
12
What is the greatest common factor of 210 and 90?
30
Calculate the greatest common divisor of 684 and 12.
12
What is the highest common factor of 50 and 32?
2
Calculate the highest common factor of 78 and 806.
26
Calculate the highest common divisor of 9 and 2007.
9
What is the greatest common factor of 714 and 2550?
102
Calculate the highest common divisor of 803 and 110.
11
Calculate the highest common divisor of 927 and 6.
3
Calculate the greatest common divisor of 56 and 616.
56
Calculate the greatest common factor of 270 and 108.
54
What is the greatest common factor of 854 and 98?
14
Calculate the greatest common divisor of 713 and 391.
23
What is the greatest common factor of 1450 and 3190?
290
Calculate the greatest common divisor of 989 and 391.
23
What is the greatest common divisor of 290 and 30?
10
Calculate the highest common factor of 138 and 12.
6
Calculate the highest common divisor of 122 and 183.
61
Calculate the highest common divisor of 175 and 28.
7
Calculate the highest common divisor of 20 and 2615.
5
Calculate the greatest common factor of 369 and 41.
41
What is the highest common divisor of 3 and 48?
3
What is the greatest common divisor of 714 and 126?
42
What is the highest common divisor of 1264 and 237?
79
Calculate the highest common divisor of 1503 and 81.
9
What is the greatest common divisor of 5 and 1620?
5
Calculate the greatest common divisor of 871 and 403.
13
Calculate the greatest common factor of 1372 and 8.
4
Calculate the greatest common divisor of 134 and 603.
67
Calculate the greatest common divisor of 816 and 312.
24
What is the greatest common divisor of 204 and 340?
68
What is the greatest common factor of 4 and 4276?
4
What is the highest common divisor of 4453 and 61?
61
Calculate the greatest common factor of 10 and 380.
10
What is the greatest common factor of 75 and 435?
15
Calculate the greatest common factor of 325 and 150.
25
What is the highest common divisor of 4173 and 13?
13
Calculate the greatest common divisor of 20 and 60.
20
What is the greatest common divisor of 5680 and 71?
71
What is the greatest common divisor of 28223 and 501?
167
What is the greatest common factor of 13124 and 272?
68
What is the highest common factor of 16 and 376?
8
What is the highest common factor of 1276 and 232?
116
Calculate the highest common divisor of 28 and 210.
14
What is the highest common divisor of 7325 and 375?
25
What is the greatest common divisor of 315 and 135?
45
What is the greatest common divisor of 2 and 25?
1
What is the greatest common divisor of 766 and 77749?
383
What is the highest common factor of 1800 and 5600?
200
Calculate the highest common factor of 2 and 10.
2
What is the greatest common divisor of 4215 and 45?
15
Calculate the highest common divisor of 14 and 44.
2
Calculate the highest common divisor of 3 and 4.
1
Calculate the greatest common divisor of 126 and 714.
42
Calculate the greatest common factor of 10104 and 24.
24
Calculate the greatest common divisor of 77 and 14.
7
What is the highest common factor of 1025 and 25?
25
Calculate the greatest common divisor of 77 and 35.
7
Calculate the highest common factor of 740 and 20.
20
Calculate the highest common divisor of 1054 and 442.
34
What is the greatest common divisor of 66 and 682?
22
What is the greatest common divisor of 71 and 1917?
71
Calculate the highest common divisor of 66 and 44.
22
Calculate the highest common divisor of 27 and 369.
9
What is the greatest common divisor of 126 and 504?
126
Calculate the highest common factor of 31295 and 55.
55
Calculate the highest common factor of 48 and 222.
6
What is the greatest common factor of 9048 and 24?
24
Calculate the highest common divisor of 9 and 13.
1
What is the greatest common divisor of 7 and 10003?
7
Calculate the highest common factor of 3122 and 14.
14
What is the greatest common factor of 52 and 3718?
26
Calculate the greatest common divisor of 17 and 68.
17
Calculate the greatest common factor of 18 and 4.
2
Calculate the greatest common divisor of 6017 and 11.
11
What is the greatest common divisor of 316 and 75208?
316
Calculate the highest common divisor of 1 and 47.
1
What is the greatest common factor of 9 and 1?
1
Calculate the greatest common divisor of 188 and 4.
4
Calculate the greatest common factor of 7408 and 96.
16
What is the greatest common factor of 3710 and 14?
14
Calculate the greatest common divisor of 232 and 145.
29
Calculate the greatest common factor of 1692 and 36.
36
What is the highest common factor of 15 and 20?
5
What is the highest common divisor of 12170 and 30?
10
Calculate the highest common factor of 51 and 153.
51
Calculate the highest common divisor of 650 and 200.
50
Calculate the greatest common fac